
1
Let n(q) be the first derivative of q**4/8 + q**2 + 2. Let k(w) be the second derivative of n(w). Let t = -60 + 58. What is k(t)?
-6
Let u(l) = -l**2 - l - 5. Suppose 3*d + 3*f = 4 + 2, 3*f = 4*d - 15. Suppose d*x = 5*i + 15, -3*i - 5*x + 21 = -4. What is u(i)?
-5
Let y(k) = k**2 + 9 + k**3 - 2*k - 13 + k. What is y(0)?
-4
Let f(z) = -6*z**3 + 31*z**2 - 40*z - 19. Let y(w) = -w**3 + 6*w**2 - 8*w - 4. Let j(v) = 2*f(v) - 11*y(v). Give j(-5).
-9
Let y be (-2)/9 - (-64)/(-36). Let g(c) = -c**2 - 4*c - 2. Calculate g(y).
2
Let d(c) = -c - 2. Let t = -6 + 6. Let i be d(t). Let u(p) = -2*p - 2. Give u(i).
2
Let t(v) = -v**2 + 1. Let y(k) = -4*k**2 - k + 4. Let n(i) = -3*t(i) + y(i). Let o be 0 + 0 + (-1 - (-4 - -2)). What is n(o)?
-1
Let p(y) = y + 4. Let n(m) = -5*m**2 + 5*m + 10. Let c(s) = -2*s**2 + 2*s + 3. Let j(w) = -8*c(w) + 3*n(w). Let u be j(0). Suppose k + k = -u. What is p(k)?
1
Let t(f) = 0*f - f**2 + 1 + 5 - f - 4*f. Calculate t(-6).
0
Let a(n) = 2*n - 2. Let u = -2 - -4. Let d be a(u). Let l = d + 2. Let s(y) = y - 2. What is s(l)?
2
Let w(y) = -y**3 - 5*y**2 - y - 1. Let h be (12/4)/(6/8). Suppose -3*v = -h*v - 5. Determine w(v).
4
Let o(z) be the second derivative of 5*z**4/6 + z**3/3 - z**2/2 - 20*z. Calculate o(1).
11
Suppose 0 = -4*o + 1 + 3. Let q(f) = -5*f + o + f + f**3 - 4*f**2 - 8. Calculate q(5).
-2
Let l be ((-1)/2)/(-1 + 26/24). Let y(v) = -v**3 - 5*v**2 + 5*v + 7. Give y(l).
13
Let z(u) = -4*u + 7. Let r(k) = 3 - 1 - 5 + 3*k - 3. Let w = 11 - 6. Let i(s) = w*r(s) + 4*z(s). Give i(-4).
2
Let t(l) = 9*l - 5 - 11*l - 5*l - l**2. What is t(-4)?
7
Suppose -3*g - 8 - 4 = 5*s, -3*s + 3*g - 12 = 0. Let p(l) = l + 4. Calculate p(s).
1
Let d(o) = 65*o**3 + 4*o**2 + 1 - 129*o**3 + 63*o**3 + 5*o. Calculate d(5).
1
Let u = 57 + -32. Suppose 5*p + 10 = -2*v, 5*v + 5*p + u = p. Let o(w) = 2*w + 6. Calculate o(v).
-4
Let t(r) = -r**2 + 4*r + 4. Let g be ((-14)/(-10) - 1)*15. Let n be 1 - (3 + -1*g). Suppose -j + 3*v = -18, n*j + 0*v - 4*v - 32 = 0. Calculate t(j).
7
Let p(d) = -d + 4. Suppose -2 = 4*z - 6. Let v be -2*z/(-2) - -3. Suppose -9 + 29 = v*q. Determine p(q).
-1
Let i(l) = 2*l + 2. Let p = 12 - 10. Calculate i(p).
6
Let v(p) be the first derivative of 5*p**2/2 - 3*p + 4. Give v(2).
7
Let v(d) = 2*d**2 + d - 1. Suppose 0 = -5*f - 5 + 15, -14 = -5*m - 2*f. Determine v(m).
9
Suppose 5*d - 3*b = -40, -5*d + 3*b = -b + 45. Let l(v) = v + 7. Let n be l(d). Let g(x) = -3*x**2 + 2*x - 2. Give g(n).
-10
Let x(f) be the third derivative of f**4/24 + f**3/6 - f**2 + 10*f. Suppose -20 = 5*o + 5. Determine x(o).
-4
Let b be (-1 - 0)*(1 - 4). Let y(q) = 2*q**2 + 2 + 2*q + b*q + q**3 - 4*q. Calculate y(-2).
0
Let h(d) = -d. Let c be h(-4). Let w = 59 - 58. Suppose -5*m + m = -c*u + 4, 0 = -2*m + 5*u + w. Let o(s) = -s**2 - 3*s + 1. Determine o(m).
3
Let o(w) = 9*w - 5. Let j(y) = 11*y - 5. Let z(h) = h. Let s(v) = -j(v) + 3*z(v). Let b(u) = 6*o(u) + 7*s(u). Determine b(-4).
13
Let w(v) be the first derivative of -2 - v + 2*v**3 - 1/2*v**2. Determine w(-1).
6
Let u be 1*(2 - (3 + -1)). Suppose -3*r + 21 = -u*y + 3*y, 5*y + 4*r = 33. Let c(b) = -b**3 + 5*b**2 + 2*b - 5. Calculate c(y).
5
Let c(g) be the third derivative of -g**4/24 + 7*g**3/6 - 7*g**2. Calculate c(3).
4
Suppose -j - 2*c + 3 = 0, j - c + 6 = -0*j. Let m(v) = -2*v - 4. Calculate m(j).
2
Let y(j) = -j**2 - 2*j + 3. Suppose 15 = -4*t - 9. Let q = t + 11. Let g be (-1)/(-5) + (-21)/q. What is y(g)?
-5
Let y = 2 - -1. Let w(k) = k**3 - 4*k**2 + 2*k - 1. Determine w(y).
-4
Let v(o) = 8*o - 8. Let i(g) = -7*g + 7. Let x(j) = 48*j - 48. Let c(a) = -27*i(a) - 4*x(a). Let k(l) = 11*c(l) + 4*v(l). What is k(1)?
0
Let g(u) = 3*u**2 - u**2 + u**2 - 8. Let o(z) = -6*z**2 + 15. Let y(p) = 11*g(p) + 6*o(p). Determine y(-2).
-10
Let v(b) be the third derivative of b**5/60 + b**4/3 + 4*b**3/3 - b**2. Let w(j) = j**3 - 9*j**2 - 10*j - 6. Let l be w(10). Calculate v(l).
-4
Let b(z) = -z - 4. Let n(k) = k + 4. Let y(l) = 6*b(l) + 5*n(l). Calculate y(-7).
3
Let o(k) = k**2 - 11. Let x be 40/(-15) - -4 - (-4)/(-3). What is o(x)?
-11
Suppose -2*h + 12 = l, -4*h + 0*h + 2*l = -16. Let m = -83 - -106. Let n(o) = -22*o + h - 2 + m*o. Calculate n(-3).
0
Let z(c) be the second derivative of -1/12*c**4 - 1/2*c**3 + c + 5/2*c**2 + 0. Determine z(-4).
1
Let u(j) = -7*j + 3. Let l(q) = -4*q + 2. Let n(s) = -10*l(s) + 6*u(s). Calculate n(-2).
2
Let w(b) = b**2 + 6*b + 4. Suppose 2*u = -0*u - 48. Let g = u - -20. What is w(g)?
-4
Let b = 4 - -1. Suppose z + 3*f + 1 = -3, 0 = b*z + 5*f + 20. Let n(w) = -w**3 - 6*w**2 - 7*w - 5. What is n(z)?
-9
Let j = -10 - -15. Let d = 21 - 15. Let s(w) = -12*w - 3 + 6 + 13*w - d*w + w**2. Determine s(j).
3
Let b be 95/15*-1 - 2/(-6). Let f(q) = q**3 + 7*q**2 + 6*q - 8. Give f(b).
-8
Let d(u) = 2*u**2 + 3*u + 2. Suppose 0 = 2*z - 3 + 7. Let h be (1 - 2)/((-1)/z). Let t = 0 + h. Calculate d(t).
4
Let z = -21 - -22. Let x(u) = -z - 6 + 4*u + 5 - u**2. Determine x(3).
1
Suppose -2*x - 2*a = 8, 4*a = 3*x + 8 - 24. Let w(l) = l**3 - l**2. Give w(x).
0
Let i(v) = -6*v - 4. Let j(t) be the first derivative of -3*t - 3 - 7/2*t**2. Let k(f) = -4*i(f) + 3*j(f). What is k(-5)?
-8
Let m(d) = -d**3 - 2*d**2 + 4*d + 1. Let v be m(-3). Let s(b) = 3*b**2 + 2*b + 3. Calculate s(v).
11
Let i be 4/(-2) + (2 - 1). Let h(x) = -7*x + 5. Suppose 5*v - 4*v + 21 = -3*g, 4*v + 9 = 3*g. Let n(s) = -6*s + 4. Let o(k) = v*n(k) + 5*h(k). Determine o(i).
0
Let n(o) = -45*o**3 - 9*o + 4*o**2 + 3*o + 7 + 55*o**3. Let c(b) = -10*b**3 - 5*b**2 + 7*b - 8. Let r(z) = -6*c(z) - 7*n(z). Let w = -7 - -6. Give r(w).
11
Let b(d) = -3*d**3 + d**2 - 5*d + 3. Let u(f) = -7*f**3 + 2*f**2 - 11*f + 7. Let r(c) = 9*b(c) - 4*u(c). Calculate r(0).
-1
Let p be (10/8)/((-5)/(-20)). Let x = 9 - p. Let h(q) be the third derivative of q**4/12 - q**3/3 + 5*q**2. What is h(x)?
6
Let p(v) = -7*v + 14. Let t be p(2). Let n(h) be the second derivative of -h**5/20 - h**4/12 + h**3/6 - 2*h. Calculate n(t).
0
Let v(s) be the third derivative of 0 + 1/60*s**5 - 5/6*s**3 - s**2 + 0*s + 1/6*s**4. Let z = 3 - 8. What is v(z)?
0
Let i(h) = h. Let a be 6*-2*2/8. Let l(r) = -7*r + 3. Let w(m) = a*i(m) - l(m). Let q(f) = 13*f - 10. Let t(d) = 2*q(d) - 7*w(d). Calculate t(1).
-1
Let b = 5 + -3. Let p(m) = -2*m + 2 + b*m**2 - 1 - 2*m**2 + m**2. Let u be (-2)/(-1)*1*2. What is p(u)?
9
Let x(z) = -z**3 + 7*z**2 - 6*z + 4. Let w be x(6). Let y(s) be the third derivative of 0*s - 1/2*s**3 + 0 + 5/24*s**w + 2*s**2. Give y(2).
7
Let v(f) = -f**2 + 6*f - 1. Suppose -4*c + 4*u + 16 = 0, -c = -4*u + 2 - 3. Suppose c*d - 36 = -2*g, -g = 4*d + 3*g - 36. What is v(d)?
-1
Let u(x) = -x + 17. Let f(d) = -1. Let y(t) = 3*f(t) + u(t). What is y(6)?
8
Let r(g) = g**3 + 3*g**2 - 2*g - 3. Let v be (1 - 2)*3/1. Let f be r(v). Let w(u) = -u**2. Calculate w(f).
-9
Let q(d) = 7*d. Suppose -1 = -0*i - 5*i + u, -5*u + 20 = 0. Give q(i).
7
Let b(q) = 4*q + 12. Let a be b(-3). Let i(h) be the third derivative of 0 + 1/60*h**5 + 1/2*h**3 + a*h - 1/120*h**6 - 1/12*h**4 + h**2. Give i(2).
-5
Let f(v) be the third derivative of v**5/30 - 3*v**4/8 + 3*v**2 - 3*v. Determine f(6).
18
Let h be -6*3/(-6) - 6. Let i(x) = x - 1. Let z(a) = -a**2 + 6*a - 4. Let n(j) = 5*i(j) - z(j). What is n(h)?
11
Let n(s) be the first derivative of s**3/3 + 3*s**2/2 - 2*s - 13. What is n(-4)?
2
Let l(q) be the third derivative of -q**4/12 - 3*q**3/2 + 6*q**2 - 4. Determine l(-4).
-1
Suppose 0*g + 20 = 5*g. Let q be (-4)/14 + (-300)/(-70). Suppose -p = 3*u - q, g*p + 6*u = 3*u - 11. Let x(d) = d + 2. Calculate x(p).
-3
Let w(r) be the second derivative of 4/3*r**3 + 0 + 3/2*r**2 - 5/12*r**4 - 6*r - 1/20*r**5. Give w(-6).
-9
Let p(g) = -2*g**2 + 5*g - 16. Let w(x) = -3*x**2 + 4*x - 17. Let v(h) = 4*p(h) - 3*w(h). Calculate v(-9).
-4
Let f(q) be the first derivative of -q**4/12 + q**3/6 - 5*q**2/2 + 3*q + 3. Let c(y) be the first derivative of f(y). Give c(0).
-5
Let z(p) = -p**2 - p - 1. Let g(t) = 5*t + t + 2*t + 7*t**2 + 6 - t**3. Let q be 5/3 + 4/(-6). Let r(j) = q*g(j) + 6*z(j). Calculate r(2).
0
Let w(z) = -z**2 - 6*z - 3. Let m(n) = -2*n - 14. Let h be m(-5). Give w(h).
5
Let c(j) = j. Let d(z) = z. Let m(n) = -c(n) + 2*d(n). Suppose 5*w - 2*w = 0. What is m(w)?
0
Let l(p) = -p**3 + 4*p**2 +